{"id":1526,"date":"2024-02-20T19:44:33","date_gmt":"2024-02-20T22:44:33","guid":{"rendered":"https:\/\/sandra-o.com.br\/loja\/?post_type=product&#038;p=1526"},"modified":"2025-09-20T17:36:22","modified_gmt":"2025-09-20T20:36:22","slug":"hw-app-control-dildo-vibrador-feminino","status":"publish","type":"product","link":"https:\/\/sandra-o.com.br\/loja\/produto\/hw-app-control-dildo-vibrador-feminino\/","title":{"rendered":"HW APP Control Dildo Vibrador Feminino"},"content":{"rendered":"<p>HW APP CONTROL DILDO VIBRADOR FEMININO<\/p>\n<p class=\"QN2lPu\">Caracter\u00edsticas:<\/p>\n<p class=\"QN2lPu\">Controle de aplica\u00e7\u00e3o inteligente: O aparelho se conecta \u00e0 aplica\u00e7\u00e3o e \u00e9 compat\u00edvel com iOS e Android.<\/p>\n<p class=\"QN2lPu\">Jogo remoto: Voc\u00ea pode usar este aplicativo para fazer videochamadas com seu parceiro em qualquer lugar com conex\u00e3o \u00e0 Internet e compartilhar controles de brinquedos com seu parceiro.<\/p>\n<p class=\"QN2lPu\">O vibrador G-Spot \u00e9 feito de gel de s\u00edlica, l\u00e1tex e ftalato. Glans macio e realista, duro o suficiente para ser inserido facilmente.<\/p>\n<p class=\"QN2lPu\">Ajuste de vibra\u00e7\u00e3o de 9 frequ\u00eancias: Com G-Spot Swing, G-Spot Vibrator e Fun\u00e7\u00f5es Vibrador de Coelho, \u00e9 um brinquedo sexual penetrante que pode trazer forte prazer sexual e dobrar sua divers\u00e3o.<\/p>\n<p class=\"QN2lPu\">O design imperme\u00e1vel da classe de vida permite que voc\u00ea aproveite a liberdade dos brinquedos. Material de silicone m\u00e9dico m\u00e9dico, material de silicone macio e amigo da pele, f\u00e1cil de limpar, seguro e confi\u00e1vel.<\/p>\n<p class=\"QN2lPu\">Especifica\u00e7\u00e3o de especifica\u00e7\u00e3o:<\/p>\n<p class=\"QN2lPu\">Material da Embalagem: Silicone<\/p>\n<p class=\"QN2lPu\">\n<p class=\"QN2lPu\">Cor: Rosa Vermelha, Rosa<\/p>\n<p class=\"QN2lPu\">Nota:<\/p>\n<p class=\"QN2lPu\">Pode haver algumas pequenas diferen\u00e7as no tom de cor das fotos e da atua\u00e7\u00e3o<\/p>\n","protected":false},"excerpt":{"rendered":"<p>HW APP CONTROL DILDO VIBRADOR FEMININO Caracter\u00edsticas: Controle de aplica\u00e7\u00e3o inteligente: O aparelho se conecta \u00e0 aplica\u00e7\u00e3o e \u00e9 compat\u00edvel com iOS e Android. Jogo remoto: Voc\u00ea pode usar este<\/p>\n","protected":false},"featured_media":1527,"comment_status":"open","ping_status":"closed","template":"","meta":[],"product_brand":[],"product_cat":[173],"product_tag":[],"class_list":{"0":"post-1526","1":"product","2":"type-product","3":"status-publish","6":"product_cat-brinquedos","8":"first","9":"instock","10":"shipping-taxable","11":"product-type-external"},"_links":{"self":[{"href":"https:\/\/sandra-o.com.br\/loja\/wp-json\/wp\/v2\/product\/1526","targetHints":{"allow":["GET"]}}],"collection":[{"href":"https:\/\/sandra-o.com.br\/loja\/wp-json\/wp\/v2\/product"}],"about":[{"href":"https:\/\/sandra-o.com.br\/loja\/wp-json\/wp\/v2\/types\/product"}],"replies":[{"embeddable":true,"href":"https:\/\/sandra-o.com.br\/loja\/wp-json\/wp\/v2\/comments?post=1526"}],"wp:featuredmedia":[{"embeddable":true,"href":"https:\/\/sandra-o.com.br\/loja\/wp-json\/wp\/v2\/media\/1527"}],"wp:attachment":[{"href":"https:\/\/sandra-o.com.br\/loja\/wp-json\/wp\/v2\/media?parent=1526"}],"wp:term":[{"taxonomy":"product_brand","embeddable":true,"href":"https:\/\/sandra-o.com.br\/loja\/wp-json\/wp\/v2\/product_brand?post=1526"},{"taxonomy":"product_cat","embeddable":true,"href":"https:\/\/sandra-o.com.br\/loja\/wp-json\/wp\/v2\/product_cat?post=1526"},{"taxonomy":"product_tag","embeddable":true,"href":"https:\/\/sandra-o.com.br\/loja\/wp-json\/wp\/v2\/product_tag?post=1526"}],"curies":[{"name":"wp","href":"https:\/\/api.w.org\/{rel}","templated":true}]}}