{"id":1331,"date":"2024-02-18T18:46:44","date_gmt":"2024-02-18T21:46:44","guid":{"rendered":"https:\/\/sandra-o.com.br\/loja\/?post_type=product&#038;p=1331"},"modified":"2025-10-08T10:01:03","modified_gmt":"2025-10-08T13:01:03","slug":"skyn-preservativo-extra-grande","status":"publish","type":"product","link":"https:\/\/sandra-o.com.br\/loja\/produto\/skyn-preservativo-extra-grande\/","title":{"rendered":"SKYN Preservativo Extra Grande Com 3 Unidades Branco"},"content":{"rendered":"<p>SKYN PRESERVATIVO EXTRA GRANDE<\/p>\n<p>Skyn \u00e9 o preservativo n\u00ba1 sem \u00e1tex no mundo. Os produtos skyn s\u00e3o desenvolvidos com a tecnologia skynfeel, uma avna\u00e7ada forma de fazer preservativo que para proporcionar uma experi\u00eancia verdadeiramente \u00edntima a voc\u00ea e seu parceiro. Skyn extra grande \u00e9 mais largo que os preservativos comuns e possui 56mm de largura.<\/p>\n<ul class=\"a-unordered-list a-vertical a-spacing-mini\">\n<li class=\"a-spacing-mini\"><span class=\"a-list-item\">Preservativo mais largo<\/span><\/li>\n<li class=\"a-spacing-mini\"><span class=\"a-list-item\">Preservativo ultrafino e ultramacio<\/span><\/li>\n<li class=\"a-spacing-mini\"><span class=\"a-list-item\">Composi\u00e7\u00e3o: poli-isopreno sint\u00e9tico e \u00f3leo de silicone (lubrificante)<\/span><\/li>\n<li class=\"a-spacing-mini\"><span class=\"a-list-item\">Largura nominal: 56mm<\/span><\/li>\n<\/ul>\n","protected":false},"excerpt":{"rendered":"<p>*Enviado pela Amazon<\/p>\n","protected":false},"featured_media":1332,"comment_status":"open","ping_status":"closed","template":"","meta":[],"product_brand":[],"product_cat":[172],"product_tag":[],"class_list":{"0":"post-1331","1":"product","2":"type-product","3":"status-publish","6":"product_cat-preservativos","8":"first","9":"instock","10":"shipping-taxable","11":"product-type-external"},"_links":{"self":[{"href":"https:\/\/sandra-o.com.br\/loja\/wp-json\/wp\/v2\/product\/1331","targetHints":{"allow":["GET"]}}],"collection":[{"href":"https:\/\/sandra-o.com.br\/loja\/wp-json\/wp\/v2\/product"}],"about":[{"href":"https:\/\/sandra-o.com.br\/loja\/wp-json\/wp\/v2\/types\/product"}],"replies":[{"embeddable":true,"href":"https:\/\/sandra-o.com.br\/loja\/wp-json\/wp\/v2\/comments?post=1331"}],"wp:featuredmedia":[{"embeddable":true,"href":"https:\/\/sandra-o.com.br\/loja\/wp-json\/wp\/v2\/media\/1332"}],"wp:attachment":[{"href":"https:\/\/sandra-o.com.br\/loja\/wp-json\/wp\/v2\/media?parent=1331"}],"wp:term":[{"taxonomy":"product_brand","embeddable":true,"href":"https:\/\/sandra-o.com.br\/loja\/wp-json\/wp\/v2\/product_brand?post=1331"},{"taxonomy":"product_cat","embeddable":true,"href":"https:\/\/sandra-o.com.br\/loja\/wp-json\/wp\/v2\/product_cat?post=1331"},{"taxonomy":"product_tag","embeddable":true,"href":"https:\/\/sandra-o.com.br\/loja\/wp-json\/wp\/v2\/product_tag?post=1331"}],"curies":[{"name":"wp","href":"https:\/\/api.w.org\/{rel}","templated":true}]}}