{"id":1305,"date":"2024-02-18T17:04:08","date_gmt":"2024-02-18T20:04:08","guid":{"rendered":"https:\/\/sandra-o.com.br\/loja\/?post_type=product&#038;p=1305"},"modified":"2025-10-08T10:00:47","modified_gmt":"2025-10-08T13:00:47","slug":"preservativo-camisinha-jontex-texturizado","status":"publish","type":"product","link":"https:\/\/sandra-o.com.br\/loja\/produto\/preservativo-camisinha-jontex-texturizado\/","title":{"rendered":"Preservativo Camisinha Jontex Texturizado &#8211; 3 Unidades"},"content":{"rendered":"<p>PRESERVATIVO CAMISINHA JONTEX TEXTURIZADO<\/p>\n<p>O preservativo jontex sensation \u00e9 uma <strong>camisinha texturizada<\/strong> especialmente desenvolvida <strong>para estimular a sensa\u00e7\u00e3o de prazer<\/strong> do parceiro durante a rela\u00e7\u00e3o e surpreender na hora do sexo. Durante a rela\u00e7\u00e3o sexual, o preservativo \u00e9 o \u00fanico m\u00e9todo eficaz para evitar a gravidez indesejada e doen\u00e7as sexualmente transmiss\u00edveis (dst), inclusive a aids.<\/p>\n<ul class=\"a-unordered-list a-vertical a-spacing-mini\">\n<li class=\"a-spacing-mini\"><span class=\"a-list-item\">Camisinha texturizada: com texturas especiais em formato anat\u00f4mico, jontex sensation traz maior conforto e sensa\u00e7\u00f5es incr\u00edveis!<\/span><\/li>\n<li class=\"a-spacing-mini\"><span class=\"a-list-item\">Jontex \u00e9 a linha de camisinhas e g\u00e9is de quem acredita em sexo com envolvimento, nas descobertas e no prazer da intimidade<\/span><\/li>\n<li class=\"a-spacing-mini\"><span class=\"a-list-item\">Este preservativo \u00e9 lubrificado para que sua rela\u00e7\u00e3o sexual seja melhor e a estimula\u00e7\u00e3o seja aumentada; tamb\u00e9m ajuda a evitar irrita\u00e7\u00f5es, pois proporciona uma experi\u00eancia mais suave e confort\u00e1vel<\/span><\/li>\n<li class=\"a-spacing-mini\"><span class=\"a-list-item\">Gra\u00e7as \u00e0 sua forma anat\u00f4mica e parede lisa, o preservativo se encaixa perfeitamente no p\u00eanis<\/span><\/li>\n<li class=\"a-spacing-mini\"><span class=\"a-list-item\">Lembre-se de ter uma camisinha jontex sempre \u00e0 m\u00e3o, sua seguran\u00e7a e a de seu parceiro s\u00e3o as mais importantes; proteja-se e desfrute de sua privacidade mais!<\/span><\/li>\n<li class=\"a-spacing-mini\"><span class=\"a-list-item\">O preservativo \u00e9 o \u00fanico m\u00e9todo contraceptivo que previne doen\u00e7as sexualmente transmiss\u00edveis, al\u00e9m de uma gravidez indesejada, portanto, seu uso na privacidade \u00e9 essencial<\/span><\/li>\n<\/ul>\n<p><strong>Ingredientes<\/strong><\/p>\n<p>Borracha natural vulcanizada com enxofre e lubrificante \u00f3leo de silicone.<\/p>\n","protected":false},"excerpt":{"rendered":"<p>*Enviado pela Amazon<\/p>\n","protected":false},"featured_media":1306,"comment_status":"open","ping_status":"closed","template":"","meta":[],"product_brand":[],"product_cat":[172],"product_tag":[],"class_list":{"0":"post-1305","1":"product","2":"type-product","3":"status-publish","6":"product_cat-preservativos","8":"first","9":"instock","10":"shipping-taxable","11":"product-type-external"},"_links":{"self":[{"href":"https:\/\/sandra-o.com.br\/loja\/wp-json\/wp\/v2\/product\/1305","targetHints":{"allow":["GET"]}}],"collection":[{"href":"https:\/\/sandra-o.com.br\/loja\/wp-json\/wp\/v2\/product"}],"about":[{"href":"https:\/\/sandra-o.com.br\/loja\/wp-json\/wp\/v2\/types\/product"}],"replies":[{"embeddable":true,"href":"https:\/\/sandra-o.com.br\/loja\/wp-json\/wp\/v2\/comments?post=1305"}],"wp:featuredmedia":[{"embeddable":true,"href":"https:\/\/sandra-o.com.br\/loja\/wp-json\/wp\/v2\/media\/1306"}],"wp:attachment":[{"href":"https:\/\/sandra-o.com.br\/loja\/wp-json\/wp\/v2\/media?parent=1305"}],"wp:term":[{"taxonomy":"product_brand","embeddable":true,"href":"https:\/\/sandra-o.com.br\/loja\/wp-json\/wp\/v2\/product_brand?post=1305"},{"taxonomy":"product_cat","embeddable":true,"href":"https:\/\/sandra-o.com.br\/loja\/wp-json\/wp\/v2\/product_cat?post=1305"},{"taxonomy":"product_tag","embeddable":true,"href":"https:\/\/sandra-o.com.br\/loja\/wp-json\/wp\/v2\/product_tag?post=1305"}],"curies":[{"name":"wp","href":"https:\/\/api.w.org\/{rel}","templated":true}]}}