{"id":1263,"date":"2024-02-18T12:06:29","date_gmt":"2024-02-18T15:06:29","guid":{"rendered":"https:\/\/sandra-o.com.br\/loja\/?post_type=product&#038;p=1263"},"modified":"2025-05-23T21:43:20","modified_gmt":"2025-05-24T00:43:20","slug":"marmita-fit-congelada","status":"publish","type":"product","link":"https:\/\/sandra-o.com.br\/loja\/produto\/marmita-fit-congelada\/","title":{"rendered":"Marmita Fit Congelada"},"content":{"rendered":"<div class=\"elementor-element elementor-element-744eb8d animated-slow elementor-widget elementor-widget-heading animated slideInUp\" data-id=\"744eb8d\" data-element_type=\"widget\" data-settings=\"{&quot;_animation&quot;:&quot;slideInUp&quot;}\" data-widget_type=\"heading.default\">\n<div class=\"elementor-widget-container\">\n<h2>MARMITA FIT CONGELADA<\/h2>\n<p>Veja as vantagens da Marmita Fit Congelada:<\/p>\n<\/div>\n<\/div>\n<div class=\"elementor-element elementor-element-f007832 elementor-icon-list--layout-traditional elementor-list-item-link-full_width elementor-widget elementor-widget-icon-list\" data-id=\"f007832\" data-element_type=\"widget\" data-widget_type=\"icon-list.default\">\n<div class=\"elementor-widget-container\">\n<ul class=\"elementor-icon-list-items\">\n<li class=\"elementor-icon-list-item\"><span class=\"elementor-icon-list-text\">Poucos minutos para preparar as refei\u00e7\u00f5es da semana toda.<\/span><\/li>\n<li class=\"elementor-icon-list-item\"><span class=\"elementor-icon-list-text\">Diversos op\u00e7\u00f5es de card\u00e1pios para todos os gostos;<\/span><\/li>\n<li class=\"elementor-icon-list-item\"><span class=\"elementor-icon-list-text\">Congelamento e descongelamento perfeito<\/span><\/li>\n<li class=\"elementor-icon-list-item\"><span class=\"elementor-icon-list-text\">As melhores maneiras de armazenar suas refei\u00e7\u00f5es<\/span><\/li>\n<li class=\"elementor-icon-list-item\"><span class=\"elementor-icon-list-text\">Comida sempre pronta e saud\u00e1vel na geladeira;<\/span><\/li>\n<li class=\"elementor-icon-list-item\"><span class=\"elementor-icon-list-text\">Cozinha sempre limpa a semana toda;<\/span><\/li>\n<li class=\"elementor-icon-list-item\"><span class=\"elementor-icon-list-text\">Poucos minutos para comprar s\u00f3 o necess\u00e1rio<\/span><\/li>\n<li class=\"elementor-icon-list-item\"><span class=\"elementor-icon-list-text\">Evitar desperd\u00edcio ao comprar apenas o necess\u00e1rio<\/span><\/li>\n<li class=\"elementor-icon-list-item\"><span class=\"elementor-icon-list-text\">Alimentos sempre frescos na geladeira<\/span><\/li>\n<li class=\"elementor-icon-list-item\"><span class=\"elementor-icon-list-text\">Economia de dinheiro<\/span><\/li>\n<li class=\"elementor-icon-list-item\"><span class=\"elementor-icon-list-text\">Consumo de alimenta\u00e7\u00e3o saud\u00e1vel<\/span><\/li>\n<li class=\"elementor-icon-list-item\"><span class=\"elementor-icon-list-text\">Passar mais tempo com a fam\u00edlia e curtir mais momentos \u00fanicos juntos<\/span><\/li>\n<\/ul>\n<\/div>\n<\/div>\n","protected":false},"excerpt":{"rendered":"<p>MARMITA FIT CONGELADA Veja as vantagens da Marmita Fit Congelada: Poucos minutos para preparar as refei\u00e7\u00f5es da semana toda. Diversos op\u00e7\u00f5es de card\u00e1pios para todos os gostos; Congelamento e descongelamento<\/p>\n","protected":false},"featured_media":1265,"comment_status":"open","ping_status":"closed","template":"","meta":[],"product_brand":[],"product_cat":[160],"product_tag":[],"class_list":{"0":"post-1263","1":"product","2":"type-product","3":"status-publish","6":"product_cat-ebook","8":"first","9":"instock","10":"shipping-taxable","11":"product-type-external"},"_links":{"self":[{"href":"https:\/\/sandra-o.com.br\/loja\/wp-json\/wp\/v2\/product\/1263","targetHints":{"allow":["GET"]}}],"collection":[{"href":"https:\/\/sandra-o.com.br\/loja\/wp-json\/wp\/v2\/product"}],"about":[{"href":"https:\/\/sandra-o.com.br\/loja\/wp-json\/wp\/v2\/types\/product"}],"replies":[{"embeddable":true,"href":"https:\/\/sandra-o.com.br\/loja\/wp-json\/wp\/v2\/comments?post=1263"}],"wp:featuredmedia":[{"embeddable":true,"href":"https:\/\/sandra-o.com.br\/loja\/wp-json\/wp\/v2\/media\/1265"}],"wp:attachment":[{"href":"https:\/\/sandra-o.com.br\/loja\/wp-json\/wp\/v2\/media?parent=1263"}],"wp:term":[{"taxonomy":"product_brand","embeddable":true,"href":"https:\/\/sandra-o.com.br\/loja\/wp-json\/wp\/v2\/product_brand?post=1263"},{"taxonomy":"product_cat","embeddable":true,"href":"https:\/\/sandra-o.com.br\/loja\/wp-json\/wp\/v2\/product_cat?post=1263"},{"taxonomy":"product_tag","embeddable":true,"href":"https:\/\/sandra-o.com.br\/loja\/wp-json\/wp\/v2\/product_tag?post=1263"}],"curies":[{"name":"wp","href":"https:\/\/api.w.org\/{rel}","templated":true}]}}