{"id":1126,"date":"2024-02-16T21:00:18","date_gmt":"2024-02-17T00:00:18","guid":{"rendered":"https:\/\/sandra-o.com.br\/loja\/?post_type=product&#038;p=1126"},"modified":"2025-10-08T09:59:30","modified_gmt":"2025-10-08T12:59:30","slug":"do-toque-ao-extase","status":"publish","type":"product","link":"https:\/\/sandra-o.com.br\/loja\/produto\/do-toque-ao-extase\/","title":{"rendered":"Do Toque ao \u00caxtase"},"content":{"rendered":"<p role=\"paragraph\">DO TOQUE AO \u00caXTASE<\/p>\n<p class=\"_mb-5\" role=\"paragraph\">Rania Luz, Terapeuta Sexual e T\u00e2ntrica, desenvolveu esse curso para ajudar as mulheres a descobrirem o poder magn\u00edfico do toque, que todas as mulheres\u00a0 possuem, mas \u00e0s vezes est\u00e1 adormecido.<\/p>\n<p class=\"_mb-5\" role=\"paragraph\">Neste curso Rania Luz ensina:<\/p>\n<div class=\"hot-collapse__item\">\n<div class=\"hot-collapse__title\">\n<div class=\"accordion__item\" tabindex=\"0\" role=\"button\" aria-label=\"Conte\u00fado Boas Vindas \/ Introdu\u00e7\u00e3o\">\n<div class=\"accordion__heading\">\n<div class=\"_d-flex _flex-row _align-items-baseline\"><span class=\"accordion__section\">01 <\/span>Boas Vindas \/ Introdu\u00e7\u00e3o<\/div>\n<\/div>\n<\/div>\n<\/div>\n<\/div>\n<div class=\"hot-collapse__item\">\n<div class=\"hot-collapse__title\">\n<div class=\"accordion__item\" tabindex=\"0\" role=\"button\" aria-label=\"Conte\u00fado Prepara\u00e7\u00e3o\">\n<div class=\"accordion__heading\">\n<div class=\"_d-flex _flex-row _align-items-baseline\"><span class=\"accordion__section\">02 <\/span>Prepara\u00e7\u00e3o<\/div>\n<\/div>\n<\/div>\n<\/div>\n<div class=\"hot-collapse__arrow\">03 A Massagem<\/div>\n<\/div>\n<div class=\"hot-collapse__item\">\n<div class=\"hot-collapse__arrow\">04 Lingam Massagem<\/div>\n<\/div>\n<div class=\"hot-collapse__item\">\n<div class=\"hot-collapse__arrow\">05 Despedida<\/div>\n<\/div>\n<div class=\"hot-collapse__item\">\n<div class=\"hot-collapse__arrow\">06 B\u00f4nus &#8211; Yoni Massagem<\/div>\n<\/div>\n<div class=\"hot-collapse__item\">\n<div class=\"hot-collapse__arrow\">07 B\u00f4nus Grava\u00e7\u00e3o &#8211; Semana Gratuita<\/div>\n<\/div>\n<p role=\"paragraph\">\n","protected":false},"excerpt":{"rendered":"<p>Curso 100% online oferecido por Rania Luz, terapeuta sexual e t\u00e2ntrica, sobre o poder magn\u00edfico do toque.<\/p>\n","protected":false},"featured_media":1128,"comment_status":"open","ping_status":"closed","template":"","meta":[],"product_brand":[],"product_cat":[160],"product_tag":[],"class_list":{"0":"post-1126","1":"product","2":"type-product","3":"status-publish","6":"product_cat-ebook","8":"first","9":"instock","10":"sale","11":"shipping-taxable","12":"product-type-external"},"_links":{"self":[{"href":"https:\/\/sandra-o.com.br\/loja\/wp-json\/wp\/v2\/product\/1126","targetHints":{"allow":["GET"]}}],"collection":[{"href":"https:\/\/sandra-o.com.br\/loja\/wp-json\/wp\/v2\/product"}],"about":[{"href":"https:\/\/sandra-o.com.br\/loja\/wp-json\/wp\/v2\/types\/product"}],"replies":[{"embeddable":true,"href":"https:\/\/sandra-o.com.br\/loja\/wp-json\/wp\/v2\/comments?post=1126"}],"wp:featuredmedia":[{"embeddable":true,"href":"https:\/\/sandra-o.com.br\/loja\/wp-json\/wp\/v2\/media\/1128"}],"wp:attachment":[{"href":"https:\/\/sandra-o.com.br\/loja\/wp-json\/wp\/v2\/media?parent=1126"}],"wp:term":[{"taxonomy":"product_brand","embeddable":true,"href":"https:\/\/sandra-o.com.br\/loja\/wp-json\/wp\/v2\/product_brand?post=1126"},{"taxonomy":"product_cat","embeddable":true,"href":"https:\/\/sandra-o.com.br\/loja\/wp-json\/wp\/v2\/product_cat?post=1126"},{"taxonomy":"product_tag","embeddable":true,"href":"https:\/\/sandra-o.com.br\/loja\/wp-json\/wp\/v2\/product_tag?post=1126"}],"curies":[{"name":"wp","href":"https:\/\/api.w.org\/{rel}","templated":true}]}}