{"id":1100,"date":"2024-02-16T17:58:14","date_gmt":"2024-02-16T20:58:14","guid":{"rendered":"https:\/\/sandra-o.com.br\/loja\/?post_type=product&#038;p=1100"},"modified":"2025-09-20T17:39:56","modified_gmt":"2025-09-20T20:39:56","slug":"tesao-de-vaca","status":"publish","type":"product","link":"https:\/\/sandra-o.com.br\/loja\/produto\/tesao-de-vaca\/","title":{"rendered":"Tes\u00e3o de Vaca"},"content":{"rendered":"<p>TES\u00c3O DE VACA<\/p>\n<p>O Tes\u00e3o de Vaca \u00e9 uma bebida energ\u00e9tica conhecida por sua alegada fun\u00e7\u00e3o afrodis\u00edaca.<\/p>\n<p>Ela \u00e9 composta por um conjunto de ingredientes estimulantes que, em algumas mulheres, pode aumentar o desejo sexual feminino.<\/p>\n<p>Ingredientes do Tes\u00e3o de Vaca:<\/p>\n<p>\u00c1gua, A\u00e7\u00facar, Extrato de Guaran\u00e1, Di\u00f3xido de Carbono, Corante Caramelo E150 d, Acidificante \u00c1cido Fosf\u00f3rico, Aroma Natural, \u00c1lcool de Cereais, Umectante, Edulcorante, Extrato de Tribulus Terrestris, Taurina, Cafe\u00edna, Eurycoma Longifolia, Conservante Benzoato de S\u00f3dio, Aromatizante. N\u00c3O CONT\u00c9M GL\u00daTEN. N\u00c3O CONT\u00c9M LACTOSE.<\/p>\n<p>Ingredientes arodis\u00eeacos doTes\u00e8ao de Vaca:<\/p>\n<ul>\n<li>Tribulus Terretris &#8211; Planta medicinal, conhecida por suas fun\u00e7\u00f5es afrodis\u00edacas e regeneradoras do apetite sexual.<\/li>\n<li>Taurina &#8211; Pode funcionar como excitante sexual.<\/li>\n<li>Cafe\u00edna &#8211; Pode ser um aliado no bom desempenho sexual.<\/li>\n<li>Eurycoma Longifolia &#8211; Possuia\u00e7\u00e3o bioativa podendo ser \u00fatil para aumentar o bem estar de forma geral, inclusiva o sexual.<\/li>\n<\/ul>\n<p>Observa\u00e7\u00f5es em rela\u00e7\u00e3o ao produto:<\/p>\n<ul>\n<li>Os resultados variam de acordo com o metabolismo de cada pessoa.<\/li>\n<li>N\u00e3o \u00e9 um medicamento.<\/li>\n<li>Gestantes, nutrizes, idosos e portadores de enfermidades devem consultar um m\u00e9dico antes de consumi-lo.<\/li>\n<\/ul>\n","protected":false},"excerpt":{"rendered":"<p>Oferecemos o Tes\u00e3o de Vaca de v\u00e1rias formas:<\/p>\n<ul>\n<li>1 Unidade<\/li>\n<li>Kit com 3 unidades<\/li>\n<li>Kit com 6 unidades<\/li>\n<\/ul>\n<p><strong>Escolha o melhor kit para voc\u00ea!<\/strong><\/p>\n<p>&nbsp;<\/p>\n","protected":false},"featured_media":1118,"comment_status":"open","ping_status":"closed","template":"","meta":[],"product_brand":[],"product_cat":[167],"product_tag":[],"class_list":{"0":"post-1100","1":"product","2":"type-product","3":"status-publish","6":"product_cat-potencia-sexual","8":"first","9":"instock","10":"shipping-taxable","11":"product-type-external"},"_links":{"self":[{"href":"https:\/\/sandra-o.com.br\/loja\/wp-json\/wp\/v2\/product\/1100","targetHints":{"allow":["GET"]}}],"collection":[{"href":"https:\/\/sandra-o.com.br\/loja\/wp-json\/wp\/v2\/product"}],"about":[{"href":"https:\/\/sandra-o.com.br\/loja\/wp-json\/wp\/v2\/types\/product"}],"replies":[{"embeddable":true,"href":"https:\/\/sandra-o.com.br\/loja\/wp-json\/wp\/v2\/comments?post=1100"}],"wp:featuredmedia":[{"embeddable":true,"href":"https:\/\/sandra-o.com.br\/loja\/wp-json\/wp\/v2\/media\/1118"}],"wp:attachment":[{"href":"https:\/\/sandra-o.com.br\/loja\/wp-json\/wp\/v2\/media?parent=1100"}],"wp:term":[{"taxonomy":"product_brand","embeddable":true,"href":"https:\/\/sandra-o.com.br\/loja\/wp-json\/wp\/v2\/product_brand?post=1100"},{"taxonomy":"product_cat","embeddable":true,"href":"https:\/\/sandra-o.com.br\/loja\/wp-json\/wp\/v2\/product_cat?post=1100"},{"taxonomy":"product_tag","embeddable":true,"href":"https:\/\/sandra-o.com.br\/loja\/wp-json\/wp\/v2\/product_tag?post=1100"}],"curies":[{"name":"wp","href":"https:\/\/api.w.org\/{rel}","templated":true}]}}