{"id":1093,"date":"2024-02-16T17:03:38","date_gmt":"2024-02-16T20:03:38","guid":{"rendered":"https:\/\/sandra-o.com.br\/loja\/?post_type=product&#038;p=1093"},"modified":"2024-05-25T00:53:36","modified_gmt":"2024-05-25T03:53:36","slug":"thors-hammer-gel","status":"publish","type":"product","link":"https:\/\/sandra-o.com.br\/loja\/produto\/thors-hammer-gel\/","title":{"rendered":"Thors Hammer Gel"},"content":{"rendered":"<p>THORS HAMMER GEL<\/p>\n<p>O segredo dos atores porn\u00f4s agora no Brasil!<\/p>\n<p>Thors Hammer Gel \u00e9 um poderoso estimulante sexual que foi desenvolvido para homens que desejam melhorar seu desempenho e surpreender sua parceira na cama.<\/p>\n<p>Sua f\u00f3rmula exclusiva, baseada em ingredientes naturais, \u00e9 projetada para aumentar a circula\u00e7\u00e3o sangu\u00ednea na regi\u00e3o \u00edntima, proporcionando ere\u00e7\u00f5es mais firmes, duradouras e intensas.<\/p>\n","protected":false},"excerpt":{"rendered":"<p>Oferecemos o Thors Hammer Gel de v\u00e1rias formas:<\/p>\n<p>1 Frasco <a href=\"https:\/\/sandra-o.com.br\/loja\/thors-hammer-gel-1\" target=\"_blank\" rel=\"noopener\"><span style=\"color: #3366ff;\">Clique aqui<\/span><\/a><\/p>\n<p>Kit com 2 frascos <span style=\"color: #3366ff;\"><a style=\"color: #3366ff;\" href=\"https:\/\/sandra-o.com.br\/loja\/thors-hammer-gel-2\" target=\"_blank\" rel=\"noopener\">Clique aqui<\/a><\/span><\/p>\n<p>Kit com 4 frascos <span style=\"color: #3366ff;\"><a style=\"color: #3366ff;\" href=\"https:\/\/sandra-o.com.br\/loja\/thors-hammer-gel-4\" target=\"_blank\" rel=\"noopener\">Clique aqui<\/a><\/span><\/p>\n<p>Kit com 6 frascos <span style=\"color: #3366ff;\"><a style=\"color: #3366ff;\" href=\"https:\/\/sandra-o.com.br\/loja\/thors-hammer-gel-6\" target=\"_blank\" rel=\"noopener\">Clique aqui<\/a><\/span><\/p>\n<p><strong>Escolha o melhor kit para voc\u00ea!<\/strong><\/p>\n","protected":false},"featured_media":1098,"comment_status":"open","ping_status":"closed","template":"","meta":[],"product_brand":[],"product_cat":[167],"product_tag":[],"class_list":{"0":"post-1093","1":"product","2":"type-product","3":"status-publish","6":"product_cat-potencia-sexual","8":"first","9":"instock","10":"shipping-taxable","11":"product-type-external"},"_links":{"self":[{"href":"https:\/\/sandra-o.com.br\/loja\/wp-json\/wp\/v2\/product\/1093","targetHints":{"allow":["GET"]}}],"collection":[{"href":"https:\/\/sandra-o.com.br\/loja\/wp-json\/wp\/v2\/product"}],"about":[{"href":"https:\/\/sandra-o.com.br\/loja\/wp-json\/wp\/v2\/types\/product"}],"replies":[{"embeddable":true,"href":"https:\/\/sandra-o.com.br\/loja\/wp-json\/wp\/v2\/comments?post=1093"}],"wp:featuredmedia":[{"embeddable":true,"href":"https:\/\/sandra-o.com.br\/loja\/wp-json\/wp\/v2\/media\/1098"}],"wp:attachment":[{"href":"https:\/\/sandra-o.com.br\/loja\/wp-json\/wp\/v2\/media?parent=1093"}],"wp:term":[{"taxonomy":"product_brand","embeddable":true,"href":"https:\/\/sandra-o.com.br\/loja\/wp-json\/wp\/v2\/product_brand?post=1093"},{"taxonomy":"product_cat","embeddable":true,"href":"https:\/\/sandra-o.com.br\/loja\/wp-json\/wp\/v2\/product_cat?post=1093"},{"taxonomy":"product_tag","embeddable":true,"href":"https:\/\/sandra-o.com.br\/loja\/wp-json\/wp\/v2\/product_tag?post=1093"}],"curies":[{"name":"wp","href":"https:\/\/api.w.org\/{rel}","templated":true}]}}